(g) = g**3 - 3*g**2 - 5*g + 4. Let z be o(4). Let k be (-3)/(-9)*z - -22. What is the highest common divisor of 55 and k?
11
Suppose 0 = 6*z - 7*z + 12. Calculate the highest common divisor of z and 84.
12
Suppose -4*x - x - 5 = 0. Let v be ((-6)/4)/(x/(-2)). Let g = v + 75. What is the greatest common factor of g and 9?
9
Let f(p) = -2*p + 1 + 3*p + 3 - 2. Let v be f(8). Suppose 4*i = 294 + 146. Calculate the greatest common factor of v and i.
10
Let x(o) = -50*o**3 + 51*o**3 + 0*o**2 + o**2 + 14. Let c be x(0). Calculate the greatest common factor of c and 2.
2
Suppose -20 = 3*k - 7*k. Let y be 6/2 + 2*k. What is the greatest common divisor of y and 117?
13
Let m(b) = b**3 - b**2 - 4*b + 3. Suppose -3*k + 3 = 2*k - 3*g, 0 = 5*k + 4*g - 31. Let l be m(k). Calculate the highest common factor of 81 and l.
9
Suppose -7*w = -10*w + 414. Let z(y) = 21*y + 2. Let v be z(-3). Let q = w + v. What is the greatest common factor of 7 and q?
7
Suppose 53 = 2*y - 5*i, 4*y + 2*i = 20 + 26. Calculate the highest common divisor of y and 49.
7
Let t = 27 - 10. What is the highest common divisor of t and 17?
17
Let s(k) = -5*k - 14. Let d be s(-7). Calculate the highest common divisor of 105 and d.
21
Suppose -14 + 2 = -4*a. Let l be 1/(1/8*4). Suppose 0 = 2*v + 3*f + 2*f + 13, f - 7 = -l*v. Calculate the highest common divisor of a and v.
3
Suppose -5*c = -17 - 18. Let n be c/(2 - (-2 - -3)). What is the highest common divisor of n and 28?
7
Suppose 5*l - 4*l = -2*s + 37, 0 = -3*s - 4*l + 48. Let v be 224/6 - 2/(-3). Let h = v - s. What is the highest common divisor of 9 and h?
9
Let j(b) = -b**2 - 15*b + 18. Let k be j(-15). Calculate the greatest common factor of 54 and k.
18
Let z = -123 - -195. Calculate the greatest common factor of 9 and z.
9
Suppose 7 = 3*t - 2. Suppose 249 = s - 3*b + b, 1297 = 5*s + t*b. Let f = s + -167. What is the highest common divisor of f and 10?
10
Let u be (-18 + 0)*(20/(-6) + 0). Calculate the highest common divisor of u and 75.
15
Let m = -2 - -6. Let s be 69/12 - (-2)/8. What is the greatest common divisor of m and s?
2
Suppose 0 = -4*z - 61 + 101. What is the highest common factor of z and 10?
10
Let w = -22 + 34. Calculate the highest common factor of w and 3.
3
Suppose -y = 4*v + 13, -4*y + 5*v + 7 + 4 = 0. Let j = 2 - y. Suppose z + 3 = 2*z. What is the highest common divisor of z and j?
3
Suppose 5*f = p + 397, -3*p - p - 308 = -4*f. What is the highest common divisor of 10 and f?
10
Let n(q) = q. Let y be n(-3). Let i be ((-36)/8)/(y/8). Calculate the highest common factor of 3 and i.
3
Let s(d) = d + 107. Let u be s(0). Let j = u - -40. Calculate the highest common factor of j and 21.
21
Suppose 8*a = 5*a + 81. What is the highest common factor of 27 and a?
27
Let b be (-4)/6*(-1 - 2). Let q = -1 + 7. What is the greatest common factor of b and q?
2
Let c(a) = a**3 - 10*a**2 + 13*a + 4. Let g be c(9). Calculate the greatest common divisor of 8 and g.
8
Suppose 2*c - 37 = -4*v - 11, -3*c - 5*v + 40 = 0. Calculate the greatest common divisor of 135 and c.
15
Let i(x) = -x**2 - x + 12. Let q be i(0). What is the greatest common divisor of 132 and q?
12
Let l be (120/36)/((-2)/(-240)). What is the highest common factor of 20 and l?
20
Suppose 3*r = -2 + 23. Suppose -3*k = -22 + r. Calculate the highest common divisor of 2 and k.
1
Let o(a) = a**3 - 3*a**2 + a + 3. Let j be o(6). Let v be 19/(-3)*-2 - 29/(-87). Calculate the highest common divisor of j and v.
13
Let d(k) = 1 - k**2 - 9 + 2*k + 2*k**2. Let q be d(-6). Calculate the greatest common factor of q and 40.
8
Suppose g + 6*p - 4 = 2*p, 0 = 5*g - 4*p - 44. Suppose 175 = 2*h + 5*i - 308, 3*i = h - 214. Let j = h + -157. Calculate the greatest common divisor of g and j.
8
Let o = 32 - 21. Let d = 0 + 0. Suppose -5*w + d*w = -440. What is the highest common factor of w and o?
11
Suppose 0 = 5*n + 2*w - 200, -4*n + 173 = -3*w + 2*w. Let f be 0 - -3*(5 - -2). Calculate the highest common divisor of f and n.
21
Let b = 94 - 55. Let q = -12 + 18. Let l be (-4)/6 - (-82)/q. Calculate the greatest common divisor of l and b.
13
Suppose -k = 2*b - 17, -4*b - 5*k = -0*b - 37. Suppose 0*z + b = 2*z. What is the highest common divisor of 44 and z?
4
Suppose 0 = 4*j + j - 20. Let n be (-4 - -5) + (0 - -1). Suppose -8 = -g - n*x, -j*g + 4*x = g - 12. What is the highest common divisor of 2 and g?
2
Let d(f) = -f**3 - f + 12. Let j be d(0). Let u = 610 - 429. Suppose -3*h - 37 + u = 0. What is the greatest common factor of h and j?
12
Suppose 25 = -5*n, 4*d - 740 = -n + 5*n. What is the greatest common factor of 20 and d?
20
Let j = 32 + -10. Suppose -16*l = -14*l - j. Calculate the highest common divisor of 1 and l.
1
Let b be (1 + -8)*(-3 + 2). Let o(a) = -a**2 + 14*a - 7. Let r be o(b). Let n be (-30)/(1 - 2) - 2. Calculate the greatest common factor of r and n.
14
Let r = -32 + 232. Calculate the greatest common factor of r and 25.
25
Suppose 0 = -3*c + 8*c - 10. Suppose z = 12 - c. What is the greatest common divisor of z and 15?
5
Let o(d) = -5 + d + 17 + 0*d. Let s be (-6)/9 - 75/9. Let y be o(s). What is the greatest common divisor of y and 12?
3
Let j(c) = 26*c**2 - 4*c + 2. Let q be j(2). Suppose -2*s + 13 = 3*f, -s - 1 = -f + 4*f. Calculate the greatest common factor of s and q.
14
Let y(n) = -1 - 4*n**2 + 5*n**2 - 2 + 4. Let p be y(2). Let d = 0 + p. What is the highest common divisor of 40 and d?
5
Let u(f) = f**2 + 2*f - 20. Let s be u(-7). What is the greatest common divisor of s and 15?
15
Let a be (-3)/(-18) + (-29)/(-6). What is the greatest common divisor of a and 35?
5
Suppose 0 = -w + 2, 2*t = -9*w + 4*w + 74. Let o = t + -16. Calculate the highest common factor of 24 and o.
8
Let s = -23 + 28. Let q = s - -35. What is the greatest common factor of 5 and q?
5
Let b be ((-112)/16)/(2/(-54)). What is the highest common factor of b and 21?
21
Let m be (-94)/10 + (-6)/10. Let u be 10/(-4)*8/m. Calculate the greatest common divisor of u and 8.
2
Let r(n) = 5*n - 12. Let q be r(4). What is the highest common divisor of 1 and q?
1
Suppose 0 = 2*d - 4 + 2. Suppose 2*j = 5 + d. Suppose -2*y + 31 = 3*v + 7, 0 = j*v - 2*y - 12. What is the highest common factor of 48 and v?
6
Let g be 17 + 0 - (6 - 1). Suppose -4*w + 22 = 2*y, 0 = -w - 3*y + 6*y - 12. Calculate the greatest common factor of w and g.
3
Let v = -4 + 7. Let u = 91 - 58. What is the highest common factor of u and v?
3
Let q be 4/(-16) + 11/(-4). Let f = q - -3. Suppose 0 = -f*p + p - 19. Calculate the greatest common factor of p and 209.
19
Suppose d = 10 + 78. Let k(p) = 2*p - 2. Let l be k(3). Suppose 4*w = -3*f + 64 - 11, l = -w + 5*f. Calculate the greatest common divisor of d and w.
11
Suppose 1 - 9 = -4*d - f, 3*f = -4*d. Let m be (-210)/4*2/(-3). Let s be (-8)/(-14) + 15/m. What is the greatest common factor of d and s?
1
Suppose -9*u + 6*u = -33. Calculate the highest common divisor of u and 77.
11
Suppose -n = v - 4*n - 25, -2*n - 90 = -4*v. Calculate the greatest common factor of 154 and v.
22
Let x = 13 + 15. What is the greatest common divisor of 4 and x?
4
Suppose 5*o = -2*g + 7, -3*g - o - 13 = -g. Let m be (-138)/(-4) - g/6. Suppose w - 4*w = -m. Calculate the greatest common factor of w and 12.
12
Suppose -3*t + 6*t - 5*l = 635, 0 = -5*t + 5*l + 1075. What is the greatest common factor of t and 20?
20
Suppose -2*f - 1 + 37 = 0. Calculate the greatest common divisor of 12 and f.
6
Suppose 5*g - 25 - 40 = 0. Let c(d) be the third derivative of -7*d**4/8 - d**3/6 + d**2. Let k be c(-5). Calculate the greatest common factor of g and k.
13
Let a = 15 + -13. Suppose 3*i = -a*i + 35. What is the greatest common factor of i and 56?
7
Suppose -3*t + 3*q + 32 + 16 = 0, -2*t + 26 = q. Suppose -10 = -r - 5*d, 4*d + 29 = -2*r + 79. What is the greatest common factor of t and r?
7
Let v(b) = b**3 + b + 28. Let f be v(0). What is the greatest common divisor of 56 and f?
28
Suppose 14 = 3*r - 10. Let q = 24 - r. What is the highest common factor of 2 and q?
2
Let l be ((-40)/(-32))/(2/88). Let g(x) = 2*x**2 - 5*x - 3. Let z be g(5). Calculate the highest common factor of z and l.
11
Suppose b - 65 = -12*d + 9*d, -2*b - 4*d = -138. What is the highest common divisor of b and 11?
11
Let z be 10/(-3)*(-9)